Let k = 4 - 10. Let q be (1 - -3)/((-8)/k). Suppose 3*x - 906 = -q*y, -x = -5*y + 28 + 1512. Is y composite?
False
Let c be 24 - (2 + 1) - -3. Suppose -r = -5*r - c. Let u(l) = -52*l - 21. Is u(r) a composite number?
True
Suppose 6841 = 5*j - 12919. Suppose -5*o + o + 2*m = -j, 5*o + 4*m = 4953. Is o a composite number?
True
Suppose 3*u - 7 = 2*u. Let p be u/5 + 10/(-25). Suppose p + 654 = 5*r. Is r composite?
False
Let q = -59 - -44. Is (q/(-3) - 1) + 679 + 0 a prime number?
True
Is 4 - (-5644)/8 - (-15)/(-6) a prime number?
False
Let u(x) = -x**2 - 40*x - 60. Let o be (-5 + 10 - 8) + -24. Is u(o) a prime number?
False
Let o = 36457 + -19728. Is o a prime number?
True
Is ((-1)/(-1))/((-12)/(-7164)) a composite number?
True
Let k be ((-63)/28)/(6/(-16)). Suppose -2*p = -k*p - 28. Let h = 319 - p. Is h a composite number?
True
Suppose 14*q = 116759 + 84771. Is q prime?
False
Let g(p) = 11*p + 28. Let w(b) = b**3 - 8*b**2 + 12*b + 6. Let x be w(6). Is g(x) composite?
True
Let p(x) = 12*x**2 - 15*x - 40. Is p(-5) composite?
True
Let m = -25 + 19. Let r = -3 - m. Suppose -3*f = -384 + r. Is f prime?
True
Let n(t) = 4*t**2 - 9*t - 6. Suppose 0 = -0*v - 3*v + 6. Suppose -4*q = -2*z + 2, -5*z + v*z + 2*q + 15 = 0. Is n(z) prime?
True
Let y = -1685 + 7398. Is y a prime number?
False
Let u(j) = -j**3 + 10*j**2. Let z be u(10). Suppose -4*b - 5*v + 4550 = 1809, z = 5*b + v - 3400. Is b prime?
False
Let t be (-6 - -3 - -4) + 2. Suppose -1516 = -b - t*b. Is b a composite number?
False
Suppose -31229 = -4*x + 351. Is x prime?
False
Let z(a) = 12*a**2 - a + 4. Let i(c) = -c**3 - 5*c**2 + 5*c - 12. Let r be i(-6). Let v be z(r). Suppose -5*k + 5*x + 1279 = 174, -2*k = 4*x - v. Is k prime?
False
Let r(t) = -23*t + 12. Let x(h) = 47*h - 23. Let y(n) = -5*r(n) - 3*x(n). Is y(-7) a prime number?
True
Is (1537/(-2))/(-1 - 6/(-12)) composite?
True
Let d(s) = 3*s**2 + s + 12. Let l be d(-3). Suppose 0 = 4*u - x - 43, 0 = 3*u + 4*x - x - l. Is u a prime number?
True
Suppose 0 = -2*x - t - t - 2, 0 = x - 5*t - 23. Suppose l - 85 = -h - x*l, 0 = -5*h - 2*l + 443. Is h composite?
False
Let p(b) = 9*b + 10. Let j be 6/(-4)*16/6. Let y be p(j). Let t = 41 - y. Is t composite?
False
Let z be -4*-1*(-2 - 2)/(-4). Suppose -q + 383 = 3*w - 170, -z*w + 3*q + 746 = 0. Is w a prime number?
False
Let n(h) be the second derivative of 3*h**4/4 + 7*h**3/2 - 7*h**2/2 + 9*h. Is n(14) a prime number?
False
Let q(n) = -n**3 - 8*n**2 - 9*n. Let h be q(-8). Suppose -2*f - 221 + 899 = 0. Let b = f - h. Is b a composite number?
True
Suppose -2 = -5*q + 3*q. Suppose 2*z = 7 - q. Is z composite?
False
Let z be -3*((-10)/(-15) - 0/(-1)). Is -1 + -2*(z - 1021) composite?
True
Let x be (5616/65)/((-2)/(-80)). Suppose 3*m - 3*g - x = 0, 0*m - 5*m - g = -5790. Is m a prime number?
False
Suppose 3*w - 75 = -3*l, -w + 29 = 3*l - 4. Is w composite?
True
Let v = 1281 - -2140. Is v prime?
False
Suppose 4*i + g - 6107 = 0, -3*g = 4*i + 2200 - 8297. Let h = i - 73. Suppose 4*s + s = h. Is s a composite number?
True
Suppose 3*u - 2*s - 31902 = 0, -5*u - 5*s = -3*s - 53186. Suppose -3*b + 4*g + 6378 = g, 5*b - 3*g = u. Is b a composite number?
False
Is (21884/12)/(3/27) prime?
False
Let q(y) = -y**2 - y + 1. Let n(v) = 2*v**2 + 5*v - 12. Let j(g) = -n(g) - 3*q(g). Let p be j(-10). Let m = p + -8. Is m a prime number?
False
Suppose -5*a - 2385 = -8*a. Is -3*a/(-3) - 4 a prime number?
False
Let z(q) = 9*q**2 + 4*q - 4. Let r be z(-6). Suppose 0 = 4*c + 5*y - 296, c = -3*c + 5*y + r. Is c prime?
False
Let x(o) = 2643*o - 25. Is x(2) prime?
True
Suppose 13*x = 12*x + 2. Let j(c) = 75*c - 7. Is j(x) a prime number?
False
Let u = -20586 + 39887. Is u a prime number?
True
Let x(u) = -2*u - 14. Let d be x(-8). Is ((-9)/d - -4)*-7666 a prime number?
True
Let g = 32340 + -12313. Is g composite?
True
Suppose 4*r = 3*p - 25, -5*p - r + 5*r = -31. Suppose 9*g - 8484 = 3*g. Suppose -h + p*h = g. Is h prime?
False
Suppose -r + 6 = 2*r, -5*a = 3*r + 44. Let y(v) = -v**3 - 7*v**2 - 14*v + 3. Is y(a) a composite number?
False
Let q(i) = -23881*i + 180. Is q(-1) composite?
False
Let j(q) = q**3 - 6*q**2 - 2. Suppose 12 = 5*h - 23. Suppose 2*w = 2*b + 24, -2*w - 45 = -h*w + 2*b. Is j(w) prime?
True
Suppose 5342 = 2*q + 2*x - 3*x, -2*x - 5346 = -2*q. Is q composite?
True
Suppose -2*q = -7*q + 25. Let r = -9 + q. Is 1790/12 - r/(-24) a prime number?
True
Let q = 56 - 19. Suppose 0 = -4*l + 39 + q. Is l a composite number?
False
Let z = -1656 - -764. Is ((-5)/((-20)/(-6)))/(6/z) composite?
False
Let p(m) = -21*m**3 + 12*m**2 + 38*m + 36. Is p(-7) prime?
True
Suppose 91030 - 11720 = -11*a. Is a/(-8) + (-14)/56 prime?
False
Suppose -y - y - 5*b + 8559 = 0, -y + 4277 = 2*b. Is y a composite number?
True
Let z(l) = -5 - 4 - 7 + 51*l. Is z(9) a prime number?
True
Suppose -2*j + 5*s = 3 + 3, 3*j = 5*s - 4. Suppose -3*z = -5*o + 4, -2*o + 3*z - j = -0. Is (1 - -4)/(o/178) a prime number?
False
Suppose 0 = -4*o + 3*o + 63. Let s = 94 - o. Is s composite?
False
Let z be 41*(-1)/2*42. Let s = z - -1348. Is s prime?
True
Suppose -q + 12 = -5*q - 5*w, 0 = -5*w - 20. Suppose -v + 3 = -2*i, 4*i - q*v = -6*v - 36. Is -1 + 260/i*-2 a composite number?
True
Let n(a) = 20*a**3 + 3*a**2 - 3*a + 3. Let j(r) = 3*r**2 + 5*r + 6. Let u be j(-1). Is n(u) a composite number?
False
Is 8/(-28) - (-8548275)/175 a prime number?
True
Is (-1907)/(-3) - (3 - 28/12) prime?
False
Let f = 35 - 33. Is f*911 + (-9 - -10) prime?
True
Suppose 5*y - 3*o = 151325, -2*y - 5*o + 0*o + 60499 = 0. Is y prime?
False
Let u(q) = 7*q**2 - 4 + 5*q + 1 + 4*q - q**3 - 4. Let a be u(8). Is (a + 0)*(8 + 23) a composite number?
False
Is (3/6)/((-11)/(-273878)) a prime number?
False
Let q = 7 - 4. Suppose 2*c - 493 = -q*d, -2*c - 4*d = -247 - 251. Is c a prime number?
True
Let h = -4053 - -12270. Let c be h/5 - 6/15. Suppose c = 3*q + 4*j, -2*q + j = -j - 1072. Is q a composite number?
False
Let y be (-249)/2 - (6 - (-66)/(-12)). Let v = 972 - y. Is v prime?
True
Is -1 - (-4 + (-54737 - 2) + -1) prime?
False
Let j(d) = -3*d - 12. Let p be j(-5). Suppose p*t - 2*u + 1739 = 0, t - 2*u - u = -568. Let r = t - -914. Is r a prime number?
True
Let d be (-930)/39 - 8/52. Let r = 7 - d. Is r a composite number?
False
Suppose -k + 27 = -5*l, -2*k - l + 0 - 1 = 0. Suppose b + 3*y - 7 = -2, -3*b - k*y = -15. Suppose -c + 114 = b*o - 0*c, 3*o - 4*c = 50. Is o a prime number?
False
Let m = -423 + 127. Let p = m - -451. Is p a composite number?
True
Suppose 19 = -r + 50. Suppose -3*t + 7*t = 3*g + 91, -t = -g - r. Let i = g + 84. Is i prime?
False
Suppose -3*x + 12086 = -4*z, -2*z + 65 - 57 = 0. Is x a prime number?
False
Suppose 3*y = -5*z - 16, 0 = -z - 2*y - 9 + 3. Let w(r) = 1 + r**2 + 0*r**2 + r + 0*r. Is w(z) a composite number?
False
Suppose -9*r + 11872 = -r. Suppose -4*h + 1224 = -r. Is h prime?
True
Let h(f) = -1025*f - 56. Is h(-5) composite?
True
Let y(k) = 2*k**3 + 71*k**2 - 13*k + 5. Is y(-35) a composite number?
True
Let y(w) = -99*w**2 + 4*w + 4. Let s(a) = -99*a**2 + 3*a + 3. Let x(g) = -3*s(g) + 2*y(g). Let i be x(2). Let p = -140 + i. Is p composite?
True
Suppose -4*k + 324 + 136 = 0. Let g = k - 24. Is g a composite number?
True
Suppose 109266 + 110004 = 10*s. Is s a prime number?
False
Suppose -584 + 5477 = 21*x. Is x prime?
True
Let b(j) be the second derivative of 0 - 11/2*j**2 + 10*j + 1/6*j**4 - 1/3*j**3. Is b(14) a prime number?
True
Is (2516/(-6))/((-16)/24) composite?
True
Let t = 4 - 0. Suppose 5*l = 4*z + 79, -4*z + 54 = t*l - 2*l. Suppose 2*b - 4*x = 3*b - l, 34 = b + x. Is b prime?
False
Suppose -3*w + 3 = a, 0 = -2*w + 5*a - 0*a - 15. Suppose 0 = 4*b + 20, 0 = -3*n + 3*b - w*b + 2988. Is n composite?
False
Let c = 14135 - 5203. Suppose 0 = 4*u - 3144 - c. Is u prime?
True
Let a(v) = 3769*v + 194. Is a(9) prime?
False
Let h(z) = 14*z**3 + 4*z**2 - 3*z + 3. Let w be h(4). Let n = w + 328. Is n composite?
False
Let g(k) = k**2 - 7*k - 10. Let r be g(13). Let p = r + 59. Suppose 3*w + p = 376. Is w a prime number?
True
Is (6*(-153)/135)/((-4)/30) a prime number?
False
Suppose -6*b + 2*b = -c + 267, b - 516 = -2*c. Suppose 0 = 4*u + 3*d + c, u + 53 = 4*d - 26. Let p = 98 + u. Is p a composite number?
False
Let l = -79 - -65. Let w(u) = u**3 + 13*u**2 - 16*u + 5. I